3 - 6*d**2 + 8*d - 12. Calculate y(5).
3
Let s(x) = x**2 + 5*x - 5. Determine s(-8).
19
Let j(c) = c**3 - 9*c**2 + 24*c - 12. What is j(5)?
8
Let i(x) = x**2 - 13*x + 29. Determine i(3).
-1
Let p(j) = j**3 + 16*j**2 - 18*j - 18. Determine p(-17).
-1
Let s(k) = -62*k - 17. Determine s(-1).
45
Let d(i) = -31*i + 279. Determine d(9).
0
Let l(v) = -21*v**2 - 5*v + 5. What is l(1)?
-21
Let s(h) = -h**3 + h**2 - 3*h + 1. Calculate s(0).
1
Let k(s) = s**3 + 3*s**2 + 15*s + 64. Give k(-4).
-12
Let a(x) = x**2 + 10*x + 23. Calculate a(-10).
23
Let h(m) = 2*m**2 + 2*m + 10. Calculate h(3).
34
Let v(a) = -a + 15. What is v(19)?
-4
Let v(u) = u**2 - 7*u + 2. What is v(6)?
-4
Let p(k) = -6*k**3 - k**2 + k - 1. Give p(1).
-7
Let c(g) = -2*g**3 - g**2 - g - 2. Calculate c(-2).
12
Let v(p) = -3*p. Determine v(-9).
27
Let w(u) = u**2 + 9*u - 5. What is w(-10)?
5
Let c(g) = g**3 - 9*g**2 - 8*g + 26. Calculate c(9).
-46
Let o(n) = n**3 + 6*n**2 - 5*n + 11. Give o(-7).
-3
Let c(d) = d**3 - 14*d**2 - 19*d + 11. Calculate c(15).
-49
Let z(k) = -k**2 - 8*k - 8. Determine z(-6).
4
Let p(k) = -21*k - 31. Determine p(2).
-73
Let w(q) = 3*q - 6. What is w(-3)?
-15
Let l(n) = n**2 + 12*n + 37. Determine l(-11).
26
Let s(x) = -21*x + 3. Determine s(-4).
87
Let n(d) = 3*d - 4. Determine n(-7).
-25
Let q(a) = -2*a**2 - 8*a - 13. Calculate q(-4).
-13
Let v(k) = -k**3 + k**2 + 4. What is v(0)?
4
Let z(m) = 51*m**3 - 2*m**2 + m + 3. Calculate z(-1).
-51
Let i(j) = -j**2 - 7*j + 5. Determine i(-9).
-13
Let s(p) = 16*p + 5. What is s(-9)?
-139
Let g(r) = -r**3 - 14*r**2 - 15*r - 2. What is g(-13)?
24
Let y(f) = -4*f + 3. Determine y(7).
-25
Let x(o) = -o**3 + 5*o**2 - 14. Determine x(5).
-14
Let z(y) = 3*y + 75. Determine z(-27).
-6
Let l(n) = n**2 + 2*n + 21. Determine l(5).
56
Let d(n) = 10*n**3 - 2*n**2 - 6*n + 9. Determine d(1).
11
Let o(c) = -15*c + 86. Give o(0).
86
Let n(v) = -v**3 - 4*v**2 + 1. Give n(-4).
1
Let l(y) = -4*y**2 - y - 17. Give l(0).
-17
Let t(r) = -r**2 + 10*r + 2. What is t(9)?
11
Let r(x) = 3*x**2 + x - 3. Give r(3).
27
Let p(s) = -2*s**3 + s**2 + s - 1. What is p(1)?
-1
Let r(z) = -6*z**3 - 2*z**2 + 2. Give r(-1).
6
Let i(o) = 6*o - 30. Calculate i(8).
18
Let t(o) = -2*o + 1. Give t(2).
-3
Let d(s) = -6*s + 5. Determine d(-5).
35
Let s(g) = 2*g + 18. What is s(-7)?
4
Let c(h) = -7*h + 12. What is c(-25)?
187
Let p(v) = v**3 + 5*v**2 - 3. Calculate p(-5).
-3
Let z(j) = -j**3 - 3*j**2 + 7*j + 7. Determine z(-5).
22
Let h(y) = y - 37. Determine h(12).
-25
Let t(g) = 3*g**2 - 10*g - 36. Determine t(9).
117
Let i(c) = -c**2 - 18*c - 17. Give i(-13).
48
Let x(z) = -z**3 - 2*z**2 + 2*z + 2. Determine x(-5).
67
Let g(v) = v**3 + 3*v**2 - 6*v - 13. Determine g(-2).
3
Let k(m) = m**2 - 10*m + 12. What is k(9)?
3
Let f(a) = a**2 - 8*a - 5. Determine f(4).
-21
Let r(s) = s**2 - 15*s - 78. Determine r(19).
-2
Let s(l) = l**3 - 7*l**2 - 11*l + 47. Determine s(8).
23
Let d(n) = n**2 - n - 1. Give d(-2).
5
Let n(f) = -f**2 - 5*f - 4. Calculate n(-2).
2
Let w(u) = 3*u + 6. Determine w(4).
18
Let q(v) = -3*v + 18. Give q(6).
0
Let h(m) = 6*m + 3. What is h(-2)?
-9
Let z(o) = 5*o**2 + 3*o - 12. What is z(-2)?
2
Let u(p) = -48*p**2 + 3*p - 2. Calculate u(1).
-47
Let t(g) = 5*g + 162. Determine t(-29).
17
Let a(s) = -4*s - 34. Determine a(-9).
2
Let l(b) = b**3 + 6*b**2 - 8*b - 44. What is l(-6)?
4
Let s(i) = -i - 23. Calculate s(-5).
-18
Let g(t) = -26*t**3 - t**2 + 3*t - 2. Give g(1).
-26
Let q(a) = a - 22. Give q(7).
-15
Let c(d) = -107*d**2 - d - 1. Calculate c(-1).
-107
Let r(s) = 26*s - 449. What is r(17)?
-7
Let h(x) = x**3 - 3*x**2 - 6*x - 4. Calculate h(5).
16
Let t(c) = c**2 + 2*c + 3. What is t(-6)?
27
Let f(t) = 13*t**2 - 52*t + 1. Calculate f(4).
1
Let i(u) = -u**3 + 16*u**2 - 16*u + 14. Calculate i(15).
-1
Let h(s) = 2*s**2 - 11*s + 2. What is h(6)?
8
Let t(q) = -2*q**2 + 4*q + 1. Calculate t(6).
-47
Let m(w) = -w**3 + 4*w**2 + 4*w + 12. What is m(5)?
7
Let q(g) = -6*g + 19. Determine q(3).
1
Let j(k) = 9*k - 7. Calculate j(4).
29
Let j(q) = -q**2 + 15*q + 2. Give j(5).
52
Let c(w) = -55*w + 213. Give c(4).
-7
Let b(w) = 134*w + 259. What is b(-2)?
-9
Let y(f) = -3*f**2 - 11*f - 23. Determine y(-6).
-65
Let x(l) = l**3 - 8*l**2 + 8*l + 2. Give x(2).
-6
Let g(p) = 20*p**2 + 4*p + 1. Calculate g(-1).
17
Let l(i) = -i**3 - 4*i**2 + 3*i. What is l(-5)?
10
Let u(x) = x - 7. Calculate u(-7).
-14
Let y(u) = -u**2 + 17*u - 7. What is y(0)?
-7
Let k(h) = -6*h + 6. Calculate k(4).
-18
Let j(t) = -2*t - 2. Give j(1).
-4
Let s(o) = o**2 - 3*o - 10. Calculate s(7).
18
Let u(m) = 26*m + 28. Calculate u(-2).
-24
Let z(s) = s**3 - 4*s**2 - 4*s - 10. What is z(5)?
-5
Let n(x) = 20*x - 785. Determine n(39).
-5
Let r(q) = -q**3 - 5*q**2 + 15*q + 14. Give r(-7).
7
Let m(q) = -3*q**2 - 28*q + 8. What is m(-9)?
17
Let d(j) = 7*j - 3. Determine d(-5).
-38
Let z(m) = 4*m**3 + 82*m**2 + 41*m + 14. Give z(-20).
-6
Let f(i) = i**3 - i**2 + 2*i + 2. Calculate f(-1).
-2
Let k(m) = m**2 + 6. Determine k(0).
6
Let b(g) = -g - 3. Give b(4).
-7
Let w(m) = -2*m**2 + m + 7. Give w(5).
-38
Let i(h) = 11*h + 11. Give i(-2).
-11
Let c(x) = -x**2 + 4*x + 2. What is c(4)?
2
Let b(z) = z**3 + 3*z**2 - 4*z + 6. Give b(-5).
-24
Let n(m) = 3*m + 36. Calculate n(-15).
-9
Let b(f) = 8*f**2 - 54*f - 14. What is b(7)?
0
Let r(m) = -2*m - 5. Calculate r(-3).
1
Let u(m) = -m**3 - 10*m**2 + 13*m + 25. Calculate u(-11).
3
Let j(u) = -4*u - 3. Determine j(-3).
9
Let x(m) = m**2 + 25*m - 12. Give x(-25).
-12
Let w(d) = -d**2 - 27*d - 12. What is w(-25)?
38
Let g(d) = 4*d**3 + 2*d**2 - 1. Determine g(-2).
-25
Let r(k) = -15*k**2 - 2. Give r(2).
-62
Let c(m) = -m**3 - 7*m**2 - 8*m - 3. Calculate c(-6).
9
Let o(k) = -63*k + 57. Calculate o(1).
-6
Let b(g) = g**2 - 12*g + 14. Give b(11).
3
Let x(h) = -h**2 + 9. Determine x(3).
0
Let y(w) = -35*w + 1. Calculate y(1).
-34
Let p(x) = 4*x - 5. What is p(5)?
15
Let r(l) = 12*l**2 + 3*l + 3. What is r(-2)?
45
Let o(b) = -b**3 + b**2 + 2*b + 3. What is o(-3)?
33
Let l(x) = 4*x - 15. Calculate l(10).
25
Let q(t) = t - 30. Determine q(24).
-6
Let q(c) = 3*c - 17. Give q(-12).
-53
Let z(k) = -k**3 + 5*k**2 + 5*k - 8. Determine z(6).
-14
Let a(w) = -19*w**3 - 2*w**2 + 1. Determine a(1).
-20
Let p(z) = -9*z - 14. Calculate p(-10).
76
Let v(h) = h**2 - 9*h - 58. What is v(13)?
-6
Let q(n) = 7*n - 2. What is q(1)?
5
Let t(w) = w**3 + 21*w**2 - 23*w - 22. Determine t(-22).
0
Let z(p) = -p**3 + 6*p**2 + 13*p + 10. Determine z(8).
-14
Let z(f) = f - 5. Calculate z(7).
2
Let w(z) = -2*z**3 + z**2 + 3*z + 1. Calculate w(3).
-35
Let j(m) = 8*m - 16. What is j(2)?
0
Let y(p) = p - 8. Give y(11).
3
Let r(k) = -k**2 + 4*k + 29. What is r(7)?
8
Let k(t) = -13*t**2 + t + 1. Determine k(-2).
-53
Let m(f) = -11*f - 57. What is m(-5)?
-2
Let x(p) = -p + 30. Determine x(33).
-3
Let g(k) = 2*k. Give g(3).
6
Let h(q) = -3*q**2 + 114*q - 92. Give h(37).
19
Let u(s) = s**3 - 7*s**2 + 3*s + 6. Calculate u(5).
-29
Let y(r) = -r**3 - 25*r**2 - 48*r - 52. Determine y(-23).
-6
Let y(h) = h**2 - 12*h - 108. Give y(19).
25
Let q(d) = -2*d**3 - 7*d**2 - 7*d - 4. Calculate q(-5).
106
Let c(t) = -12*t**3 - t**2 - t. What is c(-1)?
12
Let b(l) = 19*l. Determine b(2).
38
Let s(d) = 5*d - 9. Calculate s(10).
41
Let r(g) = -g**3 + 19*g**2 + 4*g - 128. Determine r(19).
-52
Let h(x) = x**3 - 12*x**2 + 29*x - 18. Determine h(8).
-42
Let d(n) = -n**2 + n - 3. Give d(0).
-3
Let t(f) = f**3 - 22*f**2 + 43*f - 39. Determine t(20).
21
Let b(v) = -v**3 + 6*v**2 - 9*v + 6. Give b(4).
2
Let u(j) = -j - 6. What is u(-6)?
0
Let q(k) = -11*k - 109. What is q(-11)?
12
Let g(b) = b**2 + 8*b - 38. Calculate g(-11).
-5
Let w(r) = -r**2 - 10*r - 12. Give w(-6).
12
Let c(g) = -4*g**3 + g**2 - 3*g - 4. Give c(-1).
4
Let n(s) = -s**3 + 7*s**2 + 33*s - 140. Calculate n(9).
-5
Let w(g) = g**2 + 2*g + 9. Determine w(0).
9
Let a(q) = 7*q**2 + 3*q - 2. What is a(3)?
70
Let u(k) = -8*k - 238. Determine u(-29).
-6
Let u(y) = y**2 - 11*y + 10. What is u(9)?
-8
Let x(j) = j**2 + 5. What is x(0)?
5
Let l(a) = -4*a**2 + 3*a. Give l(-2).
-22
Let l(s) = s**3 - s**2 + 1. Give l(1).
1
Let x(r) = -r - 6. Calculate x(-10).
4
Let z(g) = -g**3 - 12*g**2 - 10*g + 5. Give z(-11).
-6
Let f(v) = v**2 - 5*v - 5. What is f(-4)?
31
Let s(a) = a - 1. What 